{"id":14638,"date":"2022-02-11T20:22:31","date_gmt":"2022-02-11T19:22:31","guid":{"rendered":"http:\/\/wagrowiec.paulini.pl\/?page_id=14638"},"modified":"2026-01-23T13:06:04","modified_gmt":"2026-01-23T12:06:04","slug":"duszpasterze","status":"publish","type":"page","link":"https:\/\/wagrowiec.paulini.pl\/?page_id=14638","title":{"rendered":"Proboszczowie pos\u0142uguj\u0105cy w parafii od momentu jej utworzenia"},"content":{"rendered":"<p style=\"text-align: center;\" align=\"center\"><span style=\"font-size: x-large;\"><b>PARAFIA RZYMSKOKATOLICKA PW. WNIEBOWZI\u0118CIA NMP W W\u0104GROWCU<\/b><\/span><\/p>\n<p style=\"text-align: center;\" align=\"center\"><span style=\"font-size: x-large;\"><b>Proboszczowie pos\u0142uguj\u0105cy w parafii od momentu jej utworzenia:<\/b><\/span><\/p>\n<p align=\"center\"><em><strong>Ks. Jerzy Niward Mussolff 1838 &#8211; 1872<\/strong><\/em><\/p>\n<p align=\"center\"><img loading=\"lazy\" decoding=\"async\" class=\"aligncenter size-full wp-image-14647\" src=\"https:\/\/wagrowiec.paulini.pl\/wp-content\/uploads\/2022\/02\/1838-1872-Ks.-Jerzy-Niward-Mussolff.png\" alt=\"\" width=\"399\" height=\"504\" srcset=\"https:\/\/wagrowiec.paulini.pl\/wp-content\/uploads\/2022\/02\/1838-1872-Ks.-Jerzy-Niward-Mussolff.png 399w, https:\/\/wagrowiec.paulini.pl\/wp-content\/uploads\/2022\/02\/1838-1872-Ks.-Jerzy-Niward-Mussolff-238x300.png 238w\" sizes=\"auto, (max-width: 399px) 100vw, 399px\" \/><\/p>\n<p align=\"center\"><em><strong>Ks. Teodor Alberti 1872 &#8211; 1888<\/strong><\/em><\/p>\n<p align=\"center\"><img loading=\"lazy\" decoding=\"async\" class=\"aligncenter wp-image-14651\" src=\"https:\/\/wagrowiec.paulini.pl\/wp-content\/uploads\/2022\/02\/1872-1888-Ks.-Teodor-Alberti.png\" alt=\"\" width=\"398\" height=\"500\" srcset=\"https:\/\/wagrowiec.paulini.pl\/wp-content\/uploads\/2022\/02\/1872-1888-Ks.-Teodor-Alberti.png 449w, https:\/\/wagrowiec.paulini.pl\/wp-content\/uploads\/2022\/02\/1872-1888-Ks.-Teodor-Alberti-239x300.png 239w\" sizes=\"auto, (max-width: 398px) 100vw, 398px\" \/><\/p>\n<p align=\"center\"><em><strong>Ks. Stanis\u0142aw Witek 1890 &#8211; 1923<\/strong><\/em><\/p>\n<p align=\"center\"><img loading=\"lazy\" decoding=\"async\" class=\"aligncenter wp-image-14639\" src=\"https:\/\/wagrowiec.paulini.pl\/wp-content\/uploads\/2022\/02\/1890-1923-Ks.-Stanislaw-Witek.png\" alt=\"\" width=\"401\" height=\"577\" srcset=\"https:\/\/wagrowiec.paulini.pl\/wp-content\/uploads\/2022\/02\/1890-1923-Ks.-Stanislaw-Witek.png 415w, https:\/\/wagrowiec.paulini.pl\/wp-content\/uploads\/2022\/02\/1890-1923-Ks.-Stanislaw-Witek-209x300.png 209w\" sizes=\"auto, (max-width: 401px) 100vw, 401px\" \/><\/p>\n<p align=\"center\"><em><strong>Ks. Jerzy Beyer 1923 -1930<\/strong><\/em><\/p>\n<p align=\"center\"><img loading=\"lazy\" decoding=\"async\" class=\"aligncenter wp-image-14640\" src=\"https:\/\/wagrowiec.paulini.pl\/wp-content\/uploads\/2022\/02\/1923-1930-Ks.-Jerzy-Beyer.png\" alt=\"\" width=\"403\" height=\"522\" srcset=\"https:\/\/wagrowiec.paulini.pl\/wp-content\/uploads\/2022\/02\/1923-1930-Ks.-Jerzy-Beyer.png 443w, https:\/\/wagrowiec.paulini.pl\/wp-content\/uploads\/2022\/02\/1923-1930-Ks.-Jerzy-Beyer-232x300.png 232w\" sizes=\"auto, (max-width: 403px) 100vw, 403px\" \/><\/p>\n<p align=\"center\"><em><strong>Ks. Karol Suszczy\u0144ski 1930 -1941<\/strong><\/em><\/p>\n<p align=\"center\"><img loading=\"lazy\" decoding=\"async\" class=\"aligncenter wp-image-14645\" src=\"https:\/\/wagrowiec.paulini.pl\/wp-content\/uploads\/2022\/02\/1930-1941-Ks.-Karol-Suszczynski.png\" alt=\"\" width=\"403\" height=\"614\" srcset=\"https:\/\/wagrowiec.paulini.pl\/wp-content\/uploads\/2022\/02\/1930-1941-Ks.-Karol-Suszczynski.png 361w, https:\/\/wagrowiec.paulini.pl\/wp-content\/uploads\/2022\/02\/1930-1941-Ks.-Karol-Suszczynski-197x300.png 197w\" sizes=\"auto, (max-width: 403px) 100vw, 403px\" \/><\/p>\n<p align=\"center\"><em><strong>Ks. Edmund Miko\u0142ajczak 1945 &#8211; 1960<\/strong><\/em><\/p>\n<p align=\"center\"><img loading=\"lazy\" decoding=\"async\" class=\"aligncenter wp-image-14649\" src=\"https:\/\/wagrowiec.paulini.pl\/wp-content\/uploads\/2022\/02\/1945-1960-Ks.-Edmund-Mikolajczak.png\" alt=\"\" width=\"404\" height=\"644\" srcset=\"https:\/\/wagrowiec.paulini.pl\/wp-content\/uploads\/2022\/02\/1945-1960-Ks.-Edmund-Mikolajczak.png 339w, https:\/\/wagrowiec.paulini.pl\/wp-content\/uploads\/2022\/02\/1945-1960-Ks.-Edmund-Mikolajczak-188x300.png 188w\" sizes=\"auto, (max-width: 404px) 100vw, 404px\" \/><\/p>\n<p align=\"center\"><em><strong>Ks. Stefan Smaruj 1960 -1964<\/strong><\/em><\/p>\n<p align=\"center\"><img loading=\"lazy\" decoding=\"async\" class=\"aligncenter wp-image-14646\" src=\"https:\/\/wagrowiec.paulini.pl\/wp-content\/uploads\/2022\/02\/1960-1964-Ks.-Stefan-Smaruj.png\" alt=\"\" width=\"407\" height=\"513\" srcset=\"https:\/\/wagrowiec.paulini.pl\/wp-content\/uploads\/2022\/02\/1960-1964-Ks.-Stefan-Smaruj.png 425w, https:\/\/wagrowiec.paulini.pl\/wp-content\/uploads\/2022\/02\/1960-1964-Ks.-Stefan-Smaruj-238x300.png 238w\" sizes=\"auto, (max-width: 407px) 100vw, 407px\" \/><\/p>\n<p align=\"center\"><em><strong>Ks. Alfons Billert 1964 &#8211; 1968<\/strong><\/em><\/p>\n<p align=\"center\"><img loading=\"lazy\" decoding=\"async\" class=\"aligncenter wp-image-14641\" src=\"https:\/\/wagrowiec.paulini.pl\/wp-content\/uploads\/2022\/02\/1964-1968-Ks.-Alfons-Billert.png\" alt=\"\" width=\"406\" height=\"538\" srcset=\"https:\/\/wagrowiec.paulini.pl\/wp-content\/uploads\/2022\/02\/1964-1968-Ks.-Alfons-Billert.png 413w, https:\/\/wagrowiec.paulini.pl\/wp-content\/uploads\/2022\/02\/1964-1968-Ks.-Alfons-Billert-227x300.png 227w\" sizes=\"auto, (max-width: 406px) 100vw, 406px\" \/><\/p>\n<p align=\"center\"><em><strong>Ks. Zenon Willa 1968 &#8211; 1984<\/strong><\/em><\/p>\n<p align=\"center\"><img loading=\"lazy\" decoding=\"async\" class=\"aligncenter wp-image-14648\" src=\"https:\/\/wagrowiec.paulini.pl\/wp-content\/uploads\/2022\/02\/1968-1984-Ks.-Zenon-Willa.png\" alt=\"\" width=\"403\" height=\"577\" \/><\/p>\n<p align=\"center\"><em><strong>Ks. Ludwik Mielcarek 1984 &#8211; 1995\u00a0<\/strong><\/em><\/p>\n<p align=\"center\"><img loading=\"lazy\" decoding=\"async\" class=\"aligncenter wp-image-14650\" src=\"https:\/\/wagrowiec.paulini.pl\/wp-content\/uploads\/2022\/02\/1984-1995-Ks.-Ludwik-Mielcarek.png\" alt=\"\" width=\"404\" height=\"587\" srcset=\"https:\/\/wagrowiec.paulini.pl\/wp-content\/uploads\/2022\/02\/1984-1995-Ks.-Ludwik-Mielcarek.png 355w, https:\/\/wagrowiec.paulini.pl\/wp-content\/uploads\/2022\/02\/1984-1995-Ks.-Ludwik-Mielcarek-206x300.png 206w\" sizes=\"auto, (max-width: 404px) 100vw, 404px\" \/><\/p>\n<p align=\"center\"><em><strong>Ks. Stanis\u0142aw Borowiak 1995 &#8211; 2003<\/strong><\/em><\/p>\n<p align=\"center\"><img loading=\"lazy\" decoding=\"async\" class=\"aligncenter wp-image-14643\" src=\"https:\/\/wagrowiec.paulini.pl\/wp-content\/uploads\/2022\/02\/1995-2003-Ks.-Stanislaw-Borowiak.png\" alt=\"\" width=\"404\" height=\"526\" srcset=\"https:\/\/wagrowiec.paulini.pl\/wp-content\/uploads\/2022\/02\/1995-2003-Ks.-Stanislaw-Borowiak.png 541w, https:\/\/wagrowiec.paulini.pl\/wp-content\/uploads\/2022\/02\/1995-2003-Ks.-Stanislaw-Borowiak-230x300.png 230w, https:\/\/wagrowiec.paulini.pl\/wp-content\/uploads\/2022\/02\/1995-2003-Ks.-Stanislaw-Borowiak-480x626.png 480w\" sizes=\"auto, (max-width: 404px) 100vw, 404px\" \/><\/p>\n<p align=\"center\"><em><strong>Ks. Edmund Karuk 2003 &#8211; 2007\u00a0<\/strong><\/em><\/p>\n<p align=\"center\"><img loading=\"lazy\" decoding=\"async\" class=\"aligncenter wp-image-14642\" src=\"https:\/\/wagrowiec.paulini.pl\/wp-content\/uploads\/2022\/02\/2003-2007-Ks.-Edmund-Karuk.png\" alt=\"\" width=\"401\" height=\"575\" srcset=\"https:\/\/wagrowiec.paulini.pl\/wp-content\/uploads\/2022\/02\/2003-2007-Ks.-Edmund-Karuk.png 454w, https:\/\/wagrowiec.paulini.pl\/wp-content\/uploads\/2022\/02\/2003-2007-Ks.-Edmund-Karuk-210x300.png 210w\" sizes=\"auto, (max-width: 401px) 100vw, 401px\" \/><\/p>\n<p align=\"center\"><em><strong>Ks. Zbigniew Szyk 2007 &#8211; 2013<\/strong><\/em><\/p>\n<p align=\"center\"><img loading=\"lazy\" decoding=\"async\" class=\"aligncenter wp-image-14644\" src=\"https:\/\/wagrowiec.paulini.pl\/wp-content\/uploads\/2022\/02\/2007-2013-Ks.-Zbigniew-Szyk.png\" alt=\"\" width=\"398\" height=\"590\" \/><\/p>\n<p align=\"center\"><span style=\"font-size: 14pt;\"><em><strong>o. Dariusz Nowicki OSPPE 2013 &#8211; 2019\u00a0<\/strong><\/em><\/span><\/p>\n<p align=\"center\"><span style=\"font-size: 14pt;\"><em><strong>o. J\u00f3zef St\u0119pie\u0144 OSPPE\u00a0 2019 &#8211; 2025<\/strong><\/em><\/span><\/p>\n<p align=\"center\"><em><strong><span style=\"font-size: 14pt;\">o. Piotr Urbanek OSPPE\u00a0 2025 &#8211;\u00a0<\/span><\/strong><\/em><\/p>\n<p align=\"center\">\n","protected":false},"excerpt":{"rendered":"<p>PARAFIA RZYMSKOKATOLICKA PW. WNIEBOWZI\u0118CIA NMP W W\u0104GROWCU Proboszczowie pos\u0142uguj\u0105cy w parafii od momentu jej utworzenia: Ks. Jerzy Niward Mussolff 1838 &#8211; 1872 Ks. Teodor Alberti 1872 &#8211; 1888 Ks. Stanis\u0142aw Witek 1890 &#8211; 1923 Ks. Jerzy Beyer 1923 -1930 Ks. Karol Suszczy\u0144ski 1930 -1941 Ks. Edmund Miko\u0142ajczak 1945 &#8211; 1960 Ks. Stefan Smaruj 1960 -1964&#8230;<\/p>\n<p class=\"custom-read-more\">\n                <a href=\"https:\/\/wagrowiec.paulini.pl\/?page_id=14638\">Czytaj dalej<\/a>\n             <\/p>","protected":false},"author":1,"featured_media":0,"parent":0,"menu_order":0,"comment_status":"closed","ping_status":"closed","template":"","meta":{"om_disable_all_campaigns":false,"_monsterinsights_skip_tracking":false,"_monsterinsights_sitenote_active":false,"_monsterinsights_sitenote_note":"","_monsterinsights_sitenote_category":0,"footnotes":""},"class_list":["post-14638","page","type-page","status-publish","hentry"],"aioseo_notices":[],"_links":{"self":[{"href":"https:\/\/wagrowiec.paulini.pl\/index.php?rest_route=\/wp\/v2\/pages\/14638","targetHints":{"allow":["GET"]}}],"collection":[{"href":"https:\/\/wagrowiec.paulini.pl\/index.php?rest_route=\/wp\/v2\/pages"}],"about":[{"href":"https:\/\/wagrowiec.paulini.pl\/index.php?rest_route=\/wp\/v2\/types\/page"}],"author":[{"embeddable":true,"href":"https:\/\/wagrowiec.paulini.pl\/index.php?rest_route=\/wp\/v2\/users\/1"}],"replies":[{"embeddable":true,"href":"https:\/\/wagrowiec.paulini.pl\/index.php?rest_route=%2Fwp%2Fv2%2Fcomments&post=14638"}],"version-history":[{"count":7,"href":"https:\/\/wagrowiec.paulini.pl\/index.php?rest_route=\/wp\/v2\/pages\/14638\/revisions"}],"predecessor-version":[{"id":16841,"href":"https:\/\/wagrowiec.paulini.pl\/index.php?rest_route=\/wp\/v2\/pages\/14638\/revisions\/16841"}],"wp:attachment":[{"href":"https:\/\/wagrowiec.paulini.pl\/index.php?rest_route=%2Fwp%2Fv2%2Fmedia&parent=14638"}],"curies":[{"name":"wp","href":"https:\/\/api.w.org\/{rel}","templated":true}]}}