{"id":16344,"date":"2025-02-04T22:07:23","date_gmt":"2025-02-04T21:07:23","guid":{"rendered":"https:\/\/wagrowiec.paulini.pl\/?page_id=16344"},"modified":"2025-07-25T22:46:28","modified_gmt":"2025-07-25T20:46:28","slug":"standardy-ochrony-dzieci-w-parafii-rzymskokatolickiej-pw-wniebowziecia-nmp-w-wagrowcu","status":"publish","type":"page","link":"https:\/\/wagrowiec.paulini.pl\/?page_id=16344","title":{"rendered":"STANDARDY OCHRONY DZIECI W PARAFII RZYMSKOKATOLICKIEJ PW. WNIEBOWZI\u0118CIA NMP. W W\u0104GROWCU"},"content":{"rendered":"<p style=\"text-align: left;\"><strong>STANDARDY OCHRONY DZIECI <\/strong><strong>W PARAFII RZYMSKOKATOLICKIEJ <\/strong><strong>PW. WNIEBOWZI\u0118CIA NMP. W W\u0104GROWCU<\/strong><\/p>\n<p style=\"text-align: left;\"><em>WERSJA SKR\u00d3CONA<\/em><\/p>\n<p style=\"text-align: left;\">\/pe\u0142na wersja dost\u0119pna w kancelarii parafialnej, ul. Klasztorna 21, 62-100 W\u0105growiec<\/p>\n<p style=\"text-align: left;\">1. Najwa\u017cniejsze elementy standard\u00f3w ochrony dzieci<\/p>\n<p style=\"text-align: left;\">\u2714 Standardy ochrony dzieci to zasady, kt\u00f3re maj\u0105 przyczynia\u0107 si\u0119 do tworzenia<\/p>\n<p style=\"text-align: left;\">bezpiecznego \u015brodowiska w taki spos\u00f3b, by ka\u017cde dziecko mog\u0142o si\u0119 czu\u0107 w parafii<\/p>\n<p style=\"text-align: left;\">dobrze, by\u0142o w niej akceptowane i szanowane. Standardy okre\u015blaj\u0105 r\u00f3wnie\u017c spos\u00f3b<\/p>\n<p style=\"text-align: left;\">reagowania na krzywd\u0119 lub niestosowne zachowanie w parafii lub poza ni\u0105, a tak\u017ce<\/p>\n<p style=\"text-align: left;\">wyznaczaj\u0105 spos\u00f3b post\u0119powania z osob\u0105 krzywdzon\u0105 i sprawc\u0105.<\/p>\n<p style=\"text-align: left;\">\u2714 Ka\u017cdy osoba w naszej parafii jest odpowiedzialna za tworzenie bezpiecznego<\/p>\n<p style=\"text-align: left;\">\u015brodowiska: ksi\u0119\u017ca, siostry zakonne, pracownicy, animatorzy, rodzice, dzieci i<\/p>\n<p style=\"text-align: left;\">m\u0142odzie\u017c. Wszyscy razem staraj\u0105 si\u0119 wsp\u00f3\u0142pracowa\u0107 w trosce o dobro wsp\u00f3lne.<\/p>\n<p style=\"text-align: left;\">\u2714 W parafii wyznaczona jest osoba, kt\u00f3ra ma szczeg\u00f3ln\u0105 odpowiedzialno\u015b\u0107 w zakresie<\/p>\n<p style=\"text-align: left;\">ochrony dzieci i m\u0142odzie\u017cy przed krzywdzeniem:<\/p>\n<ul style=\"text-align: left;\">\n<li>\u00a0osoba zaufania \u2013 o. Piotr Urbanek<\/li>\n<\/ul>\n<p style=\"text-align: left;\">kontakt: tel.: +48 67 262 01 25, email: wagrowiec.paulini@gmail.com<\/p>\n<p style=\"text-align: left;\">\u2714 Wszystkie dzia\u0142ania powinny by\u0107 podejmowane w trosce o dzieci i m\u0142odzie\u017c,<\/p>\n<p style=\"text-align: left;\">zapewnia\u0107 im poczucie bezpiecze\u0144stwa oraz wspomaga\u0107 ich rozw\u00f3j.<\/p>\n<p style=\"text-align: left;\">\u2714 W parafii organizowane s\u0105 r\u00f3\u017cne inicjatywy edukacyjne skierowane do pracownik\u00f3w,<\/p>\n<p style=\"text-align: left;\">animator\u00f3w, rodzic\u00f3w, dzieci i m\u0142odzie\u017cy. Szkolenia i warsztaty dotycz\u0105 sposob\u00f3w<\/p>\n<p style=\"text-align: left;\">tworzenia bezpiecznego \u015brodowiska, ochrony przed krzywdzeniem i przeciwdzia\u0142ania<\/p>\n<p style=\"text-align: left;\">r\u00f3\u017cnym formom przemocy.<\/p>\n<p style=\"text-align: left;\">\u2714 Niedopuszczalne jest stosowanie jakiejkolwiek formy przemocy (fizycznej,<\/p>\n<p style=\"text-align: left;\">psychicznej czy seksualnej) przez pracownik\u00f3w parafii lub dzieci.<\/p>\n<p style=\"text-align: left;\">\u2714 Ka\u017cdy sygna\u0142 \u015bwiadcz\u0105cy o tym, \u017ce dziecko mo\u017ce do\u015bwiadcza\u0107 przemocy ze strony<\/p>\n<p style=\"text-align: left;\">osoby doros\u0142ej lub innego dziecka w parafii lub poza ni\u0105, jest zawsze bardzo powa\u017cnie<\/p>\n<p style=\"text-align: left;\">traktowany przez pracownik\u00f3w parafii. Ka\u017cda sytuacja jest odpowiednio badana, a<\/p>\n<p style=\"text-align: left;\">podejmowane dzia\u0142ania maj\u0105 na celu jak najszybsze przerwanie krzywdzenia i<\/p>\n<p style=\"text-align: left;\">udzielenie wsparcia osobie, kt\u00f3ra go do\u015bwiadcza. Pracownicy parafii podejmuj\u0105<\/p>\n<p style=\"text-align: left;\">dzia\u0142ania wed\u0142ug zasad okre\u015blonych w pe\u0142nej wersji standard\u00f3w ochrony dzieci.<\/p>\n<p style=\"text-align: left;\">2<\/p>\n<p style=\"text-align: left;\">\u2714 Kiedy dzieje si\u0119 co\u015b niepokoj\u0105cego, szczeg\u00f3lnie wtedy, gdy dzieci i m\u0142odzie\u017c s\u0105<\/p>\n<p style=\"text-align: left;\">krzywdzeni przez innych lub s\u0105 \u015bwiadkami krzywdy innej osoby, niezw\u0142ocznie<\/p>\n<p style=\"text-align: left;\">powinni o sytuacji poinformowa\u0107 pracownik\u00f3w parafii\/animator\u00f3w\/osob\u0119 zaufania.<\/p>\n<p style=\"text-align: left;\">\u2714 Szczeg\u00f3lnie wa\u017cn\u0105 cz\u0119\u015bci\u0105 standard\u00f3w s\u0105 zasady bezpiecznych relacji mi\u0119dzy<\/p>\n<p style=\"text-align: left;\">doros\u0142ymi a dzie\u0107mi oraz mi\u0119dzy dzie\u0107mi. Maj\u0105 one s\u0142u\u017cy\u0107 tworzeniu bezpiecznego i<\/p>\n<p style=\"text-align: left;\">przyjaznego \u015brodowiska w parafii. Pracownicy\/animatorzy b\u0119d\u0105 zawsze reagowa\u0107 na<\/p>\n<p style=\"text-align: left;\">przekraczanie i nierespektowanie przyj\u0119tych zasad.<\/p>\n<p style=\"text-align: left;\">\u2714 Podstawow\u0105 zasad\u0105 jest r\u00f3wne traktowanie wszystkich dzieci. Godno\u015b\u0107 ka\u017cdej osoby<\/p>\n<p style=\"text-align: left;\">jest w naszej parafii szanowana. Jednocze\u015bnie uwzgl\u0119dnia si\u0119 wyj\u0105tkowo\u015b\u0107 i<\/p>\n<p style=\"text-align: left;\">indywidualno\u015b\u0107 ka\u017cdej osoby, co wymaga dostosowania metod i podej\u015bcia<\/p>\n<p style=\"text-align: left;\">uwzgl\u0119dniaj\u0105cego jego potrzeby i sytuacj\u0119 \u017cyciow\u0105.<\/p>\n<p style=\"text-align: left;\">\u2714 Pracownicy parafii\/animatorzy powinni reagowa\u0107 na niew\u0142a\u015bciwe zachowania dziecka<\/p>\n<p style=\"text-align: left;\">wobec samego siebie, r\u00f3wie\u015bnik\u00f3w lub doros\u0142ych, upominaj\u0105c go i stosuj\u0105c przyj\u0119te w<\/p>\n<p style=\"text-align: left;\">parafii \u015brodki dyscyplinuj\u0105ce. Jest to przejaw troski os\u00f3b doros\u0142ych o bezpiecze\u0144stwo i<\/p>\n<p style=\"text-align: left;\">prawid\u0142owy rozw\u00f3j dzieci.<\/p>\n<p style=\"text-align: left;\">\u2714 Troska o bezpiecze\u0144stwo i dobre relacje dotyczy r\u00f3wnie\u017c Internetu i komunikacji<\/p>\n<p style=\"text-align: left;\">drog\u0105 elektroniczn\u0105. Parafia dba o to, by dost\u0119p do Internetu by\u0142 bezpieczny,<\/p>\n<p style=\"text-align: left;\">wprowadza rozwi\u0105zania ograniczaj\u0105ce mo\u017cliwo\u015b\u0107 dost\u0119pu do tre\u015bci szkodliwych.<\/p>\n<p style=\"text-align: left;\">Ponadto pracownicy parafii reaguj\u0105 na niebezpieczne, szkodliwe i krzywdz\u0105ce<\/p>\n<p style=\"text-align: left;\">sytuacje dziej\u0105ce si\u0119 w przestrzeni internetowej. Dziecko zawsze mo\u017ce poprosi\u0107 o<\/p>\n<p style=\"text-align: left;\">pomoc, gdy on sam lub kto\u015b inny do\u015bwiadcza krzywdzenia w sieci.<\/p>\n<p style=\"text-align: left;\">\u2714 Pracownicy parafii dbaj\u0105 o ochron\u0119 wizerunku dzieci i m\u0142odzie\u017cy. Rodzice decyduj\u0105,<\/p>\n<p style=\"text-align: left;\">czy wyra\u017caj\u0105 zgod\u0119 na publikacj\u0119 zdj\u0119\u0107 i film\u00f3w prezentuj\u0105cych wizerunek ich dzieci.<\/p>\n<p style=\"text-align: left;\">Podczas r\u00f3\u017cnych wydarze\u0144 zwi\u0105zanych z \u017cyciem parafii s\u0105 robione zdj\u0119cia i<\/p>\n<p style=\"text-align: left;\">nagrywane filmy, kt\u00f3re mog\u0105 p\u00f3\u017aniej by\u0107 wykorzystane w mediach<\/p>\n<p style=\"text-align: left;\">spo\u0142eczno\u015bciowych. Mog\u0105 by\u0107 na nich obecni tylko ci, kt\u00f3rych rodzice wyrazili na to<\/p>\n<p style=\"text-align: left;\">zgod\u0119. Ka\u017cde dziecko w momencie wykonywania zdj\u0119\u0107 lub nagra\u0144 ma prawo<\/p>\n<p style=\"text-align: left;\">powiedzie\u0107, \u017ce nie chce, by jego wizerunek w materia\u0142ach z tego konkretnego<\/p>\n<p style=\"text-align: left;\">wydarzenia by\u0142 publikowany. Pracownicy szanuj\u0105 decyzj\u0119 dziecka. Powy\u017csza zasada<\/p>\n<p style=\"text-align: left;\">nie dotyczy sytuacji, kiedy wizerunek osoby stanowi jedynie szczeg\u00f3\u0142 ca\u0142o\u015bci, takiej<\/p>\n<p style=\"text-align: left;\">jak zgromadzenie, krajobraz lub impreza publiczna.<\/p>\n<p style=\"text-align: left;\">\u2714 Dzieci i m\u0142odzie\u017c powinny szanowa\u0107 prawo do prywatno\u015bci r\u00f3wie\u015bnik\u00f3w oraz<\/p>\n<p style=\"text-align: left;\">doros\u0142ych, dlatego nie mog\u0105 publikowa\u0107 w przestrzeni internetowej i w swoich<\/p>\n<p style=\"text-align: left;\">mediach spo\u0142eczno\u015bciowych wizerunku innych os\u00f3b bez jej wiedzy i zgody.<\/p>\n<p style=\"text-align: left;\">3<\/p>\n<p style=\"text-align: left;\">2. Zasady bezpiecznych relacji pracownik\u00f3w parafii z dzie\u0107mi<\/p>\n<p style=\"text-align: left;\">W standardach ochrony dzieci znajduje si\u0119 szczeg\u00f3\u0142owy kodeks zachowa\u0144, kt\u00f3ry powinien<\/p>\n<p style=\"text-align: left;\">by\u0107 respektowany przez wszystkich pracownik\u00f3w parafii. Poni\u017cej zamieszczamy streszczenie<\/p>\n<p style=\"text-align: left;\">najwa\u017cniejszych zasad obowi\u0105zuj\u0105cych osoby doros\u0142e pracuj\u0105ce w parafii:<\/p>\n<p style=\"text-align: left;\">\u2714 Pracownicy parafii podejmuj\u0105 dzia\u0142ania dla dobra dzieci i w ich najlepszym interesie.<\/p>\n<p style=\"text-align: left;\">\u2714 Ka\u017cde dziecko jest traktowane z szacunkiem, uwzgl\u0119dnia si\u0119 jego godno\u015b\u0107, prawo do<\/p>\n<p style=\"text-align: left;\">prywatno\u015bci, a tak\u017ce indywidualne potrzeby, zdolno\u015bci i sytuacj\u0119 \u017cyciow\u0105.<\/p>\n<p style=\"text-align: left;\">\u2714 Indywidualne podej\u015bcie nie mo\u017ce oznacza\u0107 niesprawiedliwego faworyzowania<\/p>\n<p style=\"text-align: left;\">wybranego dziecka.<\/p>\n<p style=\"text-align: left;\">\u2714 Pracownicy dbaj\u0105 o tworzenie odpowiednich relacji z dzie\u0107mi, w\u0142a\u015bciwych dla os\u00f3b<\/p>\n<p style=\"text-align: left;\">doros\u0142ych, opartych na szacunku, zaufaniu i respektowaniu odpowiednich granic w<\/p>\n<p style=\"text-align: left;\">komunikacji i kontakcie fizycznym.<\/p>\n<p style=\"text-align: left;\">\u2714 Niedopuszczalne jest stosowanie przemocy w jakiejkolwiek formie.<\/p>\n<p style=\"text-align: left;\">\u2714 Niedopuszczalne jest nawi\u0105zywanie z dzie\u0107mi i m\u0142odzie\u017c\u0105 jakichkolwiek relacji o<\/p>\n<p style=\"text-align: left;\">charakterze seksualnym czy romantycznym.<\/p>\n<p style=\"text-align: left;\">\u2714 Niedopuszczalne jest utrwalanie wizerunku dzieci dla cel\u00f3w prywatnych.<\/p>\n<p style=\"text-align: left;\">\u2714 Ka\u017cdy kontakt z dzie\u0107mi jest jawny i wynika z realizacji zada\u0144 i dzia\u0142a\u0144<\/p>\n<p style=\"text-align: left;\">prowadzonych na rzecz parafii. Pracownicy nie mog\u0105 utrzymywa\u0107 relacji prywatnych<\/p>\n<p style=\"text-align: left;\">z dzie\u0107mi (poza sytuacjami, gdy kontakty poza parafi\u0105 wynikaj\u0105 z innych przyczyn \u2013<\/p>\n<p style=\"text-align: left;\">np. pracownik jest cz\u0142onkiem rodziny b\u0105d\u017a znajomym rodziny dziecka).<\/p>\n<p style=\"text-align: left;\">W sytuacji, gdy doro\u015bli nie stosuj\u0105 si\u0119 do przyj\u0119tych zasad, \u015bwiadek takiego zachowania mo\u017ce<\/p>\n<p style=\"text-align: left;\">zg\u0142osi\u0107 spraw\u0119 do osoby przyjmuj\u0105cej zg\u0142oszenia, innego pracownika parafii, kt\u00f3rego darzy<\/p>\n<p style=\"text-align: left;\">zaufaniem, lub bezpo\u015brednio do proboszcza.<\/p>\n<p style=\"text-align: left;\">3. Zasady bezpiecznych relacji mi\u0119dzy dzie\u0107mi<\/p>\n<p style=\"text-align: left;\">wersja zasad dla dzieci<\/p>\n<p style=\"text-align: left;\">4<\/p>\n<p style=\"text-align: left;\">5<\/p>\n<p style=\"text-align: left;\">4. Osoby i miejsca, gdzie mo\u017cna uzyska\u0107 pomoc<\/p>\n<p style=\"text-align: left;\">\u2714 W sytuacji gdy:<\/p>\n<ul style=\"text-align: left;\">\n<li>\u00a0do\u015bwiadczasz przemocy ze strony osoby doros\u0142ej lub innego dziecka w parafii lub<\/li>\n<\/ul>\n<p style=\"text-align: left;\">poza ni\u0105,<\/p>\n<ul style=\"text-align: left;\">\n<li>o jeste\u015b \u015bwiadkiem krzywdzenia innej osoby,<\/li>\n<li>o dzieje si\u0119 co\u015b niepokoj\u0105cego,<\/li>\n<li>o prze\u017cywasz trudne chwile,<\/li>\n<\/ul>\n<p style=\"text-align: left;\">nie zostawaj z tym sam\/sama. Mo\u017cesz znale\u017a\u0107 wsparcie. Blisko Ciebie s\u0105 osoby, kt\u00f3re<\/p>\n<p style=\"text-align: left;\">b\u0119d\u0105 umia\u0142y Ci pom\u00f3c.<\/p>\n<p style=\"text-align: left;\">\u2714 Osoby, do kt\u00f3rych zawsze mo\u017cesz si\u0119 zwr\u00f3ci\u0107 w parafii o pomoc:<\/p>\n<ul style=\"text-align: left;\">\n<li>\u00a0osoba przyjmuj\u0105ca zg\u0142oszenia o krzywdzeniu \/ osoba zaufania;<\/li>\n<li>\u00a0ksi\u0105dz\/siostra zakonna;<\/li>\n<li>\u00a0animator;<\/li>\n<li>\u00a0ka\u017cdy pracownik parafii, kt\u00f3rego darzysz zaufaniem.<\/li>\n<\/ul>\n<p style=\"text-align: left;\">\u2714 Mo\u017cesz te\u017c szuka\u0107 wsparcia poza parafi\u0105. Warto zna\u0107 telefony zaufania i miejsca, w<\/p>\n<p style=\"text-align: left;\">kt\u00f3rych mo\u017cesz uzyska\u0107 fachow\u0105 pomoc:<\/p>\n<ul style=\"text-align: left;\">\n<li>\u00a0800-12-12-12 \u2013 ca\u0142odobowy Dzieci\u0119cy Telefon Zaufania Rzecznika Praw Dziecka;<\/li>\n<\/ul>\n<p style=\"text-align: left;\">6<\/p>\n<ul style=\"text-align: left;\">\n<li>\u00a0116-111 \u2013 ca\u0142odobowy telefon zaufania dla dzieci i m\u0142odzie\u017cy prowadzony przez<\/li>\n<\/ul>\n<p style=\"text-align: left;\">Fundacj\u0119 Dajemy Dzieciom Si\u0142\u0119;<\/p>\n<ul>\n<li style=\"text-align: left;\">\u00a0112 \u2013 numer alarmowy w sytuacji zagro\u017cenia \u017cycia lub zdrowia.<\/li>\n<\/ul>\n","protected":false},"excerpt":{"rendered":"<p>STANDARDY OCHRONY DZIECI W PARAFII RZYMSKOKATOLICKIEJ PW. WNIEBOWZI\u0118CIA NMP. W W\u0104GROWCU WERSJA SKR\u00d3CONA \/pe\u0142na wersja dost\u0119pna w kancelarii parafialnej, ul. Klasztorna 21, 62-100 W\u0105growiec 1. Najwa\u017cniejsze elementy standard\u00f3w ochrony dzieci \u2714 Standardy ochrony dzieci to zasady, kt\u00f3re maj\u0105 przyczynia\u0107 si\u0119 do tworzenia bezpiecznego \u015brodowiska w taki spos\u00f3b, by ka\u017cde dziecko mog\u0142o si\u0119 czu\u0107 w parafii&#8230;<\/p>\n<p class=\"custom-read-more\">\n                <a href=\"https:\/\/wagrowiec.paulini.pl\/?page_id=16344\">Czytaj dalej<\/a>\n             <\/p>","protected":false},"author":1,"featured_media":0,"parent":0,"menu_order":0,"comment_status":"closed","ping_status":"closed","template":"","meta":{"om_disable_all_campaigns":false,"_monsterinsights_skip_tracking":false,"_monsterinsights_sitenote_active":false,"_monsterinsights_sitenote_note":"","_monsterinsights_sitenote_category":0,"footnotes":""},"class_list":["post-16344","page","type-page","status-publish","hentry"],"aioseo_notices":[],"_links":{"self":[{"href":"https:\/\/wagrowiec.paulini.pl\/index.php?rest_route=\/wp\/v2\/pages\/16344","targetHints":{"allow":["GET"]}}],"collection":[{"href":"https:\/\/wagrowiec.paulini.pl\/index.php?rest_route=\/wp\/v2\/pages"}],"about":[{"href":"https:\/\/wagrowiec.paulini.pl\/index.php?rest_route=\/wp\/v2\/types\/page"}],"author":[{"embeddable":true,"href":"https:\/\/wagrowiec.paulini.pl\/index.php?rest_route=\/wp\/v2\/users\/1"}],"replies":[{"embeddable":true,"href":"https:\/\/wagrowiec.paulini.pl\/index.php?rest_route=%2Fwp%2Fv2%2Fcomments&post=16344"}],"version-history":[{"count":10,"href":"https:\/\/wagrowiec.paulini.pl\/index.php?rest_route=\/wp\/v2\/pages\/16344\/revisions"}],"predecessor-version":[{"id":16510,"href":"https:\/\/wagrowiec.paulini.pl\/index.php?rest_route=\/wp\/v2\/pages\/16344\/revisions\/16510"}],"wp:attachment":[{"href":"https:\/\/wagrowiec.paulini.pl\/index.php?rest_route=%2Fwp%2Fv2%2Fmedia&parent=16344"}],"curies":[{"name":"wp","href":"https:\/\/api.w.org\/{rel}","templated":true}]}}