{"id":235,"date":"2014-02-19T21:13:51","date_gmt":"2014-02-19T20:13:51","guid":{"rendered":"http:\/\/rrkserwis.nazwa.pl\/paulini\/?page_id=235"},"modified":"2014-03-05T21:31:50","modified_gmt":"2014-03-05T20:31:50","slug":"malzenstwo","status":"publish","type":"page","link":"https:\/\/wagrowiec.paulini.pl\/?page_id=235","title":{"rendered":"Ma\u0142\u017ce\u0144stwo"},"content":{"rendered":"<p style=\"text-align: justify;\"><strong>KODEKS PRAWA KANONICZNEGO<\/strong><\/p>\n<p style=\"text-align: justify;\"><strong>\u00a0<\/strong><\/p>\n<p style=\"text-align: justify;\"><strong>Kan.\u00a01055. \u00a7\u00a01.\u00a0<\/strong>Ma\u0142\u017ce\u0144skie przymierze, przez kt\u00f3re m\u0119\u017cczyzna i kobieta tworz\u0105 ze sob\u0105 wsp\u00f3lnot\u0119 ca\u0142ego \u017cycia, skierowan\u0105 ze swej natury do dobra ma\u0142\u017conk\u00f3w oraz do zrodzenia i wychowania potomstwa, zosta\u0142o mi\u0119dzy ochrzczonymi podniesione przez Chrystusa Pana do godno\u015bci sakramentu.<\/p>\n<p style=\"text-align: justify;\"><strong>\u00a7\u00a02.\u00a0<\/strong>Z tej racji mi\u0119dzy ochrzczonymi nie mo\u017ce istnie\u0107 wa\u017cna umowa ma\u0142\u017ce\u0144ska, kt\u00f3ra tym samym nie by\u0142aby sakramentem.<\/p>\n<p style=\"text-align: justify;\"><strong>Kan.\u00a01056.\u00a0<\/strong>Istotnymi przymiotami ma\u0142\u017ce\u0144stwa s\u0105 jedno\u015b\u0107 i nierozerwalno\u015b\u0107, kt\u00f3re w ma\u0142\u017ce\u0144stwie chrze\u015bcija\u0144skim nabieraj\u0105 szczeg\u00f3lnej mocy z racji sakramentu.<\/p>\n<p style=\"text-align: justify;\"><strong>Kan.\u00a01059.\u00a0<\/strong>Ma\u0142\u017ce\u0144stwo katolik\u00f3w, chocia\u017cby tylko jedna strona by\u0142a katolicka, podlega nie tylko prawu Bo\u017cemu, lecz tak\u017ce kanonicznemu, z zachowaniem kompetencji w\u0142adzy pa\u0144stwowej odno\u015bnie do czysto cywilnych skutk\u00f3w tego\u017c ma\u0142\u017ce\u0144stwa.<\/p>\n<p style=\"text-align: justify;\"><strong>Kan.\u00a01060.\u00a0<\/strong>Ma\u0142\u017ce\u0144stwo cieszy si\u0119 przychylno\u015bci\u0105 prawa, dlatego w w\u0105tpliwo\u015bci nale\u017cy uwa\u017ca\u0107 je za wa\u017cne, dop\u00f3ki nie udowodni si\u0119 czego\u015b przeciwnego.<\/p>\n<p style=\"text-align: justify;\"><strong>Kan.\u00a01083. \u00a7\u00a01.\u00a0<\/strong>Nie mo\u017ce zawrze\u0107 wa\u017cnego ma\u0142\u017ce\u0144stwa m\u0119\u017cczyzna przed uko\u0144czeniem szesnastego roku \u017cycia i kobieta przed uko\u0144czeniem czternastego roku.<\/p>\n<p style=\"text-align: justify;\"><strong>\u00a7\u00a02.\u00a0<\/strong>Konferencja Episkopatu ma prawo ustali\u0107 wy\u017cszy wiek do godziwego zawarcia ma\u0142\u017ce\u0144stwa.<\/p>\n<p style=\"text-align: justify;\"><strong>Kan.\u00a01086. \u00a7\u00a01.\u00a0<\/strong>Niewa\u017cne jest ma\u0142\u017ce\u0144stwo mi\u0119dzy dwiema osobami, z kt\u00f3rych jedna zosta\u0142a ochrzczona w Ko\u015bciele katolickim lub by\u0142a do niego przyj\u0119ta, a druga jest nieochrzczona.<\/p>\n<p style=\"text-align: justify;\"><strong>Kan.\u00a01091. \u00a7\u00a01.\u00a0<\/strong>W linii prostej pokrewie\u0144stwa niewa\u017cne jest ma\u0142\u017ce\u0144stwo mi\u0119dzy wszystkimi wst\u0119pnymi i zst\u0119pnymi, zar\u00f3wno prawego pochodzenia, jak i naturalnymi.<\/p>\n<p style=\"text-align: justify;\"><strong>\u00a7\u00a02.\u00a0<\/strong>W linii bocznej niewa\u017cne jest a\u017c do czwartego stopnia w\u0142\u0105cznie.<\/p>\n<p style=\"text-align: justify;\"><strong>\u00a7\u00a03.\u00a0<\/strong>Przeszkoda pokrewie\u0144stwa nie zwielokrotnia si\u0119.<\/p>\n<p style=\"text-align: justify;\"><strong>\u00a7\u00a04.\u00a0<\/strong>Nigdy nie zezwala si\u0119 na ma\u0142\u017ce\u0144stwo, je\u015bli istnieje w\u0105tpliwo\u015b\u0107, czy strony s\u0105 spokrewnione w jakim\u015b stopniu linii prostej lub w drugim stopniu linii bocznej.<\/p>\n<p style=\"text-align: justify;\"><strong>Kan.\u00a01094.\u00a0<\/strong>Nie mog\u0105 wa\u017cnie zawrze\u0107 ma\u0142\u017ce\u0144stwa ze sob\u0105 ci, kt\u00f3rzy s\u0105 zwi\u0105zani pokrewie\u0144stwem prawnym powsta\u0142ym z adopcji, w linii prostej lub w drugim stopniu linii bocznej.<\/p>\n<p style=\"text-align: justify;\"><strong>Kan.\u00a01095.\u00a0<\/strong>Niezdolni do zawarcia ma\u0142\u017ce\u0144stwa s\u0105 ci, kt\u00f3rzy:<\/p>\n<p style=\"text-align: justify;\">1\u00b0 s\u0105 pozbawieni wystarczaj\u0105cego u\u017cywania rozumu;<\/p>\n<p style=\"text-align: justify;\">2\u00b0 maj\u0105 powa\u017cny brak rozeznania oceniaj\u0105cego co do istotnych praw i obowi\u0105zk\u00f3w ma\u0142\u017ce\u0144skich wzajemnie przekazywanych i przyjmowanych;<\/p>\n<p style=\"text-align: justify;\">3\u00b0 z przyczyn natury psychicznej nie s\u0105 zdolni podj\u0105\u0107 istotnych obowi\u0105zk\u00f3w ma\u0142\u017ce\u0144skich.<\/p>\n<p style=\"text-align: justify;\"><strong>Kan.\u00a01115.\u00a0<\/strong>Ma\u0142\u017ce\u0144stwa winny by\u0107 zawierane w parafii, gdzie przynajmniej jedno z nupturient\u00f3w posiada sta\u0142e albo tymczasowe zamieszkanie lub miesi\u0119czny pobyt; gdy za\u015b chodzi o tu\u0142aczy, w parafii, gdzie aktualnie przebywaj\u0105. Za zezwoleniem w\u0142asnego ordynariusza albo w\u0142asnego proboszcza, wolno ma\u0142\u017ce\u0144stwo zawrze\u0107 gdzie indziej.<\/p>\n<p style=\"text-align: justify;\"><strong>Kan.\u00a01118. \u00a7\u00a01.\u00a0<\/strong>Ma\u0142\u017ce\u0144stwo pomi\u0119dzy katolikami lub mi\u0119dzy stron\u0105 katolick\u0105 i niekatolick\u0105 ochrzczon\u0105, winno by\u0107 zawierane w ko\u015bciele parafialnym; w innym ko\u015bciele lub kaplicy mo\u017ce by\u0107 zawierane za zezwoleniem ordynariusza miejsca lub proboszcza.<\/p>\n<p style=\"text-align: justify;\"><strong>\u00a7\u00a02.\u00a0<\/strong>Miejscowy ordynariusz mo\u017ce zezwoli\u0107 na zawarcie ma\u0142\u017ce\u0144stwa w innym odpowiednim miejscu.<\/p>\n<p style=\"text-align: justify;\"><strong>\u00a7\u00a03.\u00a0<\/strong>Ma\u0142\u017ce\u0144stwo pomi\u0119dzy stron\u0105 katolick\u0105 i stron\u0105 nieochrzczon\u0105 mo\u017ce by\u0107 zawarte w ko\u015bciele lub innym odpowiednim miejscu.<\/p>\n<p style=\"text-align: justify;\"><strong>Kan.\u00a01141.\u00a0<\/strong>Ma\u0142\u017ce\u0144stwo zawarte i dope\u0142nione nie mo\u017ce by\u0107 rozwi\u0105zane \u017cadn\u0105 ludzk\u0105 w\u0142adz\u0105 i z \u017cadnej przyczyny, opr\u00f3cz \u015bmierci.<\/p>\n<p style=\"text-align: justify;\"><strong>Kan.\u00a01124.<\/strong>\u00a0\u00abMa\u0142\u017ce\u0144stwo mi\u0119dzy dwiema osobami ochrzczonymi, z kt\u00f3rych jedna zosta\u0142a ochrzczona w Ko\u015bciele katolickim lub po chrzcie zosta\u0142a do niego przyj\u0119ta, druga za\u015b nale\u017cy do Ko\u015bcio\u0142a lub Wsp\u00f3lnoty ko\u015bcielnej nie maj\u0105cej pe\u0142nej \u0142\u0105czno\u015bci z Ko\u015bcio\u0142em katolickim, bez wyra\u017anego zezwolenia kompetentnej w\u0142adzy jest zabronione\u00bb.<\/p>\n<p style=\"text-align: justify;\">\u00a0<strong>KATECHIZM KO\u015aCIO\u0141A KATOLICKIEGO<\/strong><\/p>\n<p style=\"text-align: justify;\">\u00a0<strong>\u00a0<\/strong><strong>1603.\u00a0<\/strong>\u201eG\u0142\u0119boka wsp\u00f3lnota \u017cycia i mi\u0142o\u015bci ma\u0142\u017ce\u0144skiej, ustanowiona przez Stw\u00f3rc\u0119 i unormowana Jego prawami, zawi\u0105zuje si\u0119 przez przymierze ma\u0142\u017ce\u0144skie&#8230; Sam bowiem B\u00f3g jest tw\u00f3rc\u0105 ma\u0142\u017ce\u0144stwa\u201d. Powo\u0142anie do ma\u0142\u017ce\u0144stwa jest wpisane w sam\u0105 natur\u0119 m\u0119\u017cczyzny i kobiety, kt\u00f3rzy wyszli z r\u0119ki Stw\u00f3rcy. Ma\u0142\u017ce\u0144stwo nie jest instytucj\u0105 czysto ludzk\u0105, chocia\u017c w ci\u0105gu wiek\u00f3w mog\u0142o ulega\u0107 licznym zmianom w r\u00f3\u017cnych kulturach, strukturach spo\u0142ecznych i postawach duchowych. Ta r\u00f3\u017cnorodno\u015b\u0107 nie powinna prowadzi\u0107 do zapomnienia o jego wsp\u00f3lnych i trwa\u0142ych cechach. Chocia\u017c godno\u015b\u0107 tej instytucji nie wsz\u0119dzie ukazuje si\u0119 z tak\u0105 sam\u0105 jasno\u015bci\u0105, to jednak we wszystkich kulturach istnieje pewne zrozumienie dla znaczenia zwi\u0105zku ma\u0142\u017ce\u0144skiego. \u201eSzcz\u0119\u015bcie osoby i spo\u0142eczno\u015bci ludzkiej oraz chrze\u015bcija\u0144skiej wi\u0105\u017ce si\u0119 \u015bci\u015ble z pomy\u015bln\u0105 sytuacj\u0105 wsp\u00f3lnoty ma\u0142\u017ce\u0144skiej i rodzinnej\u201d.<\/p>\n<p style=\"text-align: justify;\"><strong>1660.<\/strong>\u00a0Przymierze ma\u0142\u017ce\u0144skie, przez kt\u00f3re m\u0119\u017cczyzna i kobieta stanowi\u0105 mi\u0119dzy sob\u0105 wewn\u0119trzn\u0105 wsp\u00f3lnot\u0119 \u017cycia i mi\u0142o\u015bci, powsta\u0142o z woli Stw\u00f3rcy, kt\u00f3ry wyposa\u017cy\u0142 je we w\u0142asne prawa. Z natury jest ono nastawione na dobro wsp\u00f3\u0142ma\u0142\u017conk\u00f3w, a tak\u017ce na zrodzenie i wychowanie potomstwa. Ma\u0142\u017ce\u0144stwo ochrzczonych zosta\u0142o podniesione przez Chrystusa Pana do godno\u015bci sakramentu.<\/p>\n<p style=\"text-align: justify;\"><strong>1661<\/strong>. Sakrament ma\u0142\u017ce\u0144stwa jest znakiem zwi\u0105zku Chrystusa i Ko\u015bcio\u0142a. Udziela on ma\u0142\u017conkom \u0142aski mi\u0142owania si\u0119 wzajemnie t\u0105 mi\u0142o\u015bci\u0105, jak\u0105 Chrystus umi\u0142owa\u0142 Ko\u015bci\u00f3\u0142. \u0141aska sakramentu udoskonala zatem ludzk\u0105 mi\u0142o\u015b\u0107 ma\u0142\u017conk\u00f3w, umacnia ich nierozerwaln\u0105 jedno\u015b\u0107 i u\u015bwi\u0119ca ich na drodze do \u017cycia wiecznego.<\/p>\n<p style=\"text-align: justify;\"><strong>1662<\/strong>. Ma\u0142\u017ce\u0144stwo opiera si\u0119 na zgodzie obu stron, to znaczy na woli wzajemnego i trwa\u0142ego oddania si\u0119 sobie w celu prze\u017cywania przymierza wiernej i p\u0142odnej mi\u0142o\u015bci.<\/p>\n<p style=\"text-align: justify;\">1663. Skoro ma\u0142\u017ce\u0144stwo ustanawia ma\u0142\u017conk\u00f3w w pewnym publicznym stanie \u017cycia w Ko\u015bciele, powinno by\u0107 zawierane publicznie, w ramach celebracji liturgicznej, wobec kap\u0142ana (lub upowa\u017cnionego \u015bwiadka Ko\u015bcio\u0142a) oraz \u015bwiadk\u00f3w i zgromadzenia wiernych.<\/p>\n<p style=\"text-align: justify;\"><strong>1664<\/strong>. Do istoty ma\u0142\u017ce\u0144stwa nale\u017cy jedno\u015b\u0107, nierozerwalno\u015b\u0107 i otwarto\u015b\u0107 na p\u0142odno\u015b\u0107. Poligamia jest przeciwna jedno\u015bci ma\u0142\u017ce\u0144stwa; rozw\u00f3d roz\u0142\u0105cza to, co B\u00f3g z\u0142\u0105czy\u0142. Odrzucenie p\u0142odno\u015bci pozbawia \u017cycie ma\u0142\u017ce\u0144skie dziecka, kt\u00f3re jest \u201enajcenniejszym darem ma\u0142\u017ce\u0144stwa\u201d.<\/p>\n<p style=\"text-align: justify;\"><strong>1665<\/strong>. Dop\u00f3ki \u017cyje prawowity wsp\u00f3\u0142ma\u0142\u017conek, zawarcie powt\u00f3rnego zwi\u0105zku przez rozwiedzionych sprzeciwia si\u0119 zmys\u0142owi i prawu Bo\u017cemu, jak tego naucza\u0142 Chrystus. Osoby rozwiedzione zawieraj\u0105ce nowy zwi\u0105zek nie s\u0105 wy\u0142\u0105czone z Ko\u015bcio\u0142a, ale nie mog\u0105 przyst\u0119powa\u0107 do Komunii \u015bwi\u0119tej. Powinny one prowadzi\u0107 \u017cycie chrze\u015bcija\u0144skie, zw\u0142aszcza wychowuj\u0105c swoje dzieci w wierze.<\/p>\n<p style=\"text-align: justify;\"><strong>16<\/strong><strong>66.<\/strong>\u00a0Chrze\u015bcija\u0144ski dom rodzinny jest miejscem, gdzie dzieci otrzymuj\u0105 pierwsze g\u0142oszenie wiary. Dlatego dom rodzinny s\u0142usznie jest nazywany \u201eKo\u015bcio\u0142em domowym\u201d, wsp\u00f3lnot\u0105 \u0142aski i modlitwy, szko\u0142\u0105 cn\u00f3t ludzkich i mi\u0142o\u015bci chrze\u015bcija\u0144skiej.<\/p>\n<p style=\"text-align: justify;\">\u00a0\u00a0<strong>MA\u0141\u017bE\u0143STWO W\u00a0KLASZTOR PAULIN\u00d3W\u00a0I PARAFIA WNIEBOWZI\u0118CIA NMP<\/strong><\/p>\n<p style=\"text-align: justify;\"><strong>Narzeczeni zobowi\u0105zani s\u0105 zg\u0142osi\u0107 si\u0119 do Biura Parafialnego na 3 miesi\u0105ce przed planowanym \u015blubem.<\/strong>\u00a0<strong>Narzeczeni musz\u0105 mie\u0107 uko\u0144czone 18 lat .<\/strong><\/p>\n<p style=\"text-align: justify;\">Potrzebne dokumenty przy spisaniu protoko\u0142u:<\/p>\n<ul style=\"text-align: justify;\">\n<li>Metryka chrztu \u015bw. wydana w ostatnich 3 miesi\u0105cach<\/li>\n<li>\u015awiadectwo sakramentu bierzmowania<\/li>\n<li>Dow\u00f3d Osobisty<\/li>\n<li>\u015awiadectwo uko\u0144czenia religii, lub katechezy przedma\u0142\u017ce\u0144skiej<\/li>\n<li>Po zg\u0142oszeniu si\u0119 do kancelarii narzeczeni (je\u015bli chc\u0105, aby \u015blub ko\u015bcielny poci\u0105ga\u0142 za sob\u0105 r\u00f3wnie\u017c skutki cywilno-prawne tzw. \u015blub konkordatowy) musz\u0105 uda\u0107 si\u0119 do USC jednej ze stron sta\u0142ego zamieszkania, w celu dokonania formalno\u015bci wynikaj\u0105cych z prawa \u015bwieckiego.<\/li>\n<li>Za\u015bwiadczenia\u00a0z Poradni \u017bycia Rodzinnego (skierowanie nast\u0119puje po zg\u0142oszeniu zamiaru zawarcia sakramentu ma\u0142\u017ce\u0144stwa z kancelarii)<\/li>\n<li>Za\u015bwiadczenie z Dnia Skupienia dla narzeczonych (skierowanie nast\u0119puje po zg\u0142oszeniu zamiaru zawarcia sakramentu ma\u0142\u017ce\u0144stwa z kancelarii)<\/li>\n<li>Za\u015bwiadczenie z USC (3 egz.) o tym, \u017ce maj\u0105 oni prawo zawrze\u0107 ma\u0142\u017ce\u0144stwo wg prawa polskiego (za\u015bwiadczenie jest wa\u017cne 3 miesi\u0105ce od daty wystawienia), kt\u00f3re nale\u017cy dostarczy\u0107 do kancelarii parafii, gdzie b\u0119dzie zawierane ma\u0142\u017ce\u0144stwo.<\/li>\n<\/ul>\n","protected":false},"excerpt":{"rendered":"<p>KODEKS PRAWA KANONICZNEGO \u00a0 Kan.\u00a01055. \u00a7\u00a01.\u00a0Ma\u0142\u017ce\u0144skie przymierze, przez kt\u00f3re m\u0119\u017cczyzna i kobieta tworz\u0105 ze sob\u0105 wsp\u00f3lnot\u0119 ca\u0142ego \u017cycia, skierowan\u0105 ze swej natury do dobra ma\u0142\u017conk\u00f3w oraz do zrodzenia i wychowania potomstwa, zosta\u0142o mi\u0119dzy ochrzczonymi podniesione przez Chrystusa Pana do godno\u015bci sakramentu. \u00a7\u00a02.\u00a0Z tej racji mi\u0119dzy ochrzczonymi nie mo\u017ce istnie\u0107 wa\u017cna umowa ma\u0142\u017ce\u0144ska, kt\u00f3ra tym samym&#8230;<\/p>\n<p class=\"custom-read-more\">\n                <a href=\"https:\/\/wagrowiec.paulini.pl\/?page_id=235\">Czytaj dalej<\/a>\n             <\/p>","protected":false},"author":1,"featured_media":0,"parent":165,"menu_order":0,"comment_status":"open","ping_status":"open","template":"","meta":{"om_disable_all_campaigns":false,"_monsterinsights_skip_tracking":false,"_monsterinsights_sitenote_active":false,"_monsterinsights_sitenote_note":"","_monsterinsights_sitenote_category":0,"footnotes":""},"class_list":["post-235","page","type-page","status-publish","hentry"],"aioseo_notices":[],"_links":{"self":[{"href":"https:\/\/wagrowiec.paulini.pl\/index.php?rest_route=\/wp\/v2\/pages\/235","targetHints":{"allow":["GET"]}}],"collection":[{"href":"https:\/\/wagrowiec.paulini.pl\/index.php?rest_route=\/wp\/v2\/pages"}],"about":[{"href":"https:\/\/wagrowiec.paulini.pl\/index.php?rest_route=\/wp\/v2\/types\/page"}],"author":[{"embeddable":true,"href":"https:\/\/wagrowiec.paulini.pl\/index.php?rest_route=\/wp\/v2\/users\/1"}],"replies":[{"embeddable":true,"href":"https:\/\/wagrowiec.paulini.pl\/index.php?rest_route=%2Fwp%2Fv2%2Fcomments&post=235"}],"version-history":[{"count":3,"href":"https:\/\/wagrowiec.paulini.pl\/index.php?rest_route=\/wp\/v2\/pages\/235\/revisions"}],"predecessor-version":[{"id":319,"href":"https:\/\/wagrowiec.paulini.pl\/index.php?rest_route=\/wp\/v2\/pages\/235\/revisions\/319"}],"up":[{"embeddable":true,"href":"https:\/\/wagrowiec.paulini.pl\/index.php?rest_route=\/wp\/v2\/pages\/165"}],"wp:attachment":[{"href":"https:\/\/wagrowiec.paulini.pl\/index.php?rest_route=%2Fwp%2Fv2%2Fmedia&parent=235"}],"curies":[{"name":"wp","href":"https:\/\/api.w.org\/{rel}","templated":true}]}}